 the highest common divisor of 215735 and 3835?
65
Calculate the greatest common divisor of 9919 and 4459.
91
What is the highest common factor of 252 and 72156?
84
Calculate the highest common factor of 322 and 17234.
14
Calculate the highest common divisor of 900 and 51840.
180
What is the highest common divisor of 154 and 6798?
22
What is the greatest common divisor of 293398 and 17822?
266
What is the greatest common divisor of 38394 and 5832?
486
What is the greatest common divisor of 17 and 3552949?
17
What is the greatest common divisor of 1930 and 496396?
386
What is the greatest common factor of 63 and 116186?
7
What is the greatest common factor of 8 and 6926?
2
What is the highest common factor of 5452 and 1276?
116
What is the greatest common factor of 74800 and 1275?
425
What is the highest common factor of 79475 and 1734?
289
Calculate the greatest common factor of 21670 and 10.
10
What is the highest common factor of 348 and 422124?
348
What is the highest common divisor of 14 and 4771046?
14
What is the highest common factor of 13624 and 9243?
13
What is the highest common divisor of 237 and 92509?
79
Calculate the highest common factor of 781 and 27619.
71
Calculate the greatest common factor of 696 and 48264.
24
Calculate the highest common divisor of 21 and 2209907.
7
Calculate the greatest common divisor of 4263 and 899.
29
What is the greatest common factor of 5474 and 9338?
322
What is the greatest common factor of 21425 and 125?
25
What is the greatest common divisor of 52976 and 28?
28
Calculate the greatest common factor of 1027 and 5512.
13
Calculate the highest common divisor of 1380 and 11940.
60
What is the greatest common factor of 7140 and 1113?
21
What is the greatest common divisor of 26 and 4337632?
26
What is the greatest common divisor of 13916 and 378?
14
Calculate the greatest common factor of 42875 and 142625.
875
Calculate the highest common divisor of 6200 and 8232.
8
What is the highest common factor of 11799 and 3657?
69
What is the greatest common factor of 54 and 207279?
27
Calculate the highest common factor of 197932 and 56.
28
What is the greatest common divisor of 60095 and 23800?
595
Calculate the highest common divisor of 2331 and 3737.
37
Calculate the greatest common divisor of 992 and 1271.
31
What is the greatest common divisor of 404889 and 5604?
1401
Calculate the greatest common divisor of 45 and 83185.
5
Calculate the greatest common factor of 4745 and 65.
65
Calculate the highest common divisor of 6218602 and 23.
23
What is the greatest common divisor of 122802 and 582?
582
What is the greatest common factor of 1020 and 600?
60
Calculate the greatest common divisor of 3649 and 58179.
41
Calculate the greatest common divisor of 76 and 6072932.
76
What is the highest common divisor of 83695 and 190?
95
Calculate the greatest common divisor of 1 and 17029.
1
What is the greatest common factor of 294437 and 88?
11
What is the greatest common divisor of 150 and 5055?
15
Calculate the highest common factor of 4862719 and 71.
71
Calculate the highest common factor of 6464 and 106555.
101
Calculate the highest common factor of 163476 and 12.
12
Calculate the highest common factor of 5037 and 69.
69
What is the highest common factor of 145316 and 36?
4
Calculate the greatest common divisor of 31 and 888739.
31
What is the greatest common factor of 2 and 8002?
2
What is the highest common factor of 20 and 8700580?
20
Calculate the greatest common factor of 823358 and 2.
2
What is the greatest common factor of 20 and 55370?
10
Calculate the greatest common factor of 9744 and 312.
24
Calculate the greatest common divisor of 3404 and 322.
46
Calculate the greatest common factor of 210628 and 44.
44
What is the greatest common divisor of 72 and 968?
8
Calculate the greatest common divisor of 6 and 962994.
6
Calculate the greatest common factor of 1508 and 10764.
52
Calculate the greatest common divisor of 33776 and 6928.
16
What is the highest common factor of 120 and 254934?
6
Calculate the highest common divisor of 36 and 148914.
18
What is the greatest common factor of 6298 and 4355?
67
Calculate the highest common factor of 684 and 382014.
342
Calculate the greatest common factor of 453 and 4686738.
453
What is the highest common divisor of 28 and 1394960?
28
Calculate the highest common factor of 69 and 177744.
69
What is the highest common divisor of 80 and 403870?
10
Calculate the highest common factor of 986615 and 490.
245
Calculate the greatest common factor of 66799 and 134.
67
Calculate the highest common divisor of 623 and 204433.
89
What is the greatest common factor of 6 and 498378?
6
What is the greatest common divisor of 27 and 2229?
3
Calculate the highest common factor of 226419 and 355.
71
What is the greatest common divisor of 91 and 2135?
7
Calculate the highest common factor of 1140057 and 5605.
1121
What is the highest common divisor of 4928 and 5467?
77
Calculate the highest common divisor of 18034 and 122688.
142
What is the greatest common factor of 164 and 80032?
164
Calculate the highest common divisor of 100 and 101825.
25
Calculate the greatest common factor of 1180 and 14270.
10
Calculate the greatest common factor of 6 and 176901.
3
Calculate the highest common factor of 412488 and 192.
24
Calculate the highest common factor of 82 and 7313990.
82
Calculate the greatest common factor of 92197 and 7.
7
Calculate the greatest common divisor of 262887 and 12.
3
Calculate the highest common factor of 19437 and 553443.
1023
What is the greatest common factor of 68 and 15861?
17
Calculate the highest common divisor of 1194 and 66068.
398
Calculate the greatest common divisor of 5134 and 10642.
34
Calculate the greatest common divisor of 29007580 and 28.
28
Calculate the greatest common factor of 5217 and 8436.
111
Calculate the greatest common factor of 144639 and 2376.
297
Calculate the greatest common divisor of 137 and 1025719.
137
What is the greatest common divisor of 138 and 173190?
138
What is the highest common factor of 36 and 13671?
9
Calculate the highest common divisor of 31437 and 252.
63
What is the greatest common factor of 12090 and 258765?
195
Calculate the highest common factor of 4875 and 16975.
25
Calculate the greatest common divisor of 52581 and 51.
51
What is the highest common divisor of 35 and 6587?
7
What is the greatest common divisor of 1697632 and 32?
32
What is the greatest common divisor of 424 and 13544?
8
Calculate the greatest common factor of 480 and 8064.
96
Calculate the highest common factor of 11122 and 4020.
134
Calculate the greatest common factor of 704 and 453232.
16
Calculate the highest common divisor of 12064 and 23200.
928
Calculate the highest common divisor of 301716 and 408.
204
What is the highest common divisor of 616 and 756?
28
Calculate the highest common factor of 9 and 27810.
9
What is the highest common factor of 116823 and 21?
21
Calculate the greatest common factor of 794585 and 935.
55
What is the highest common factor of 9270742 and 52?
26
Calculate the highest common factor of 30087 and 12.
3
Calculate the greatest common factor of 1312690 and 50.
10
Calculate the highest common divisor of 1502 and 3761008.
1502
What is the highest common divisor of 8575 and 10976?
343
What is the highest common factor of 3298 and 68?
34
What is the highest common divisor of 16824 and 128?
8
What is the greatest common divisor of 165376 and 323?
323
Calculate the greatest common factor of 79550 and 430.
430
What is the greatest common factor of 194 and 301282?
194
Calculate the highest common divisor of 10868 and 649.
11
Calculate the greatest common divisor of 1666 and 544.
34
Calculate the highest common factor of 1650047 and 749.
749
Calculate the highest common divisor of 160 and 1791264.
32
What is the greatest common divisor of 2 and 223?
1
Calculate the highest common divisor of 387 and 2021.
43
What is the highest common factor of 78 and 6357?
39
What is the highest common factor of 188594 and 266?
266
What is the greatest common factor of 252 and 482244?
84
What is the highest common divisor of 1344 and 82488?
168
What is the greatest common divisor of 2563 and 8854?
233
Calculate the greatest common factor of 156